(-2 - (-6 + 5) - 4) + 1?
-4
Evaluate (-5 - -1) + 1 + 1 + -1.
-3
What is the value of -1 - ((-3 - 3) + 3)?
2
What is the value of 11 + (5 - (13 - 3))?
6
What is 3 + -2 - 4 - -7?
4
6 + (-14 - -3 - -7)
2
5 + -5 + (1 + -5 - -2)
-2
Evaluate (4 - 11) + 1 - (-1 - 0).
-5
What is the value of (-5 - (11 - 9)) + -1?
-8
(8 - 10) + (-1 - (-2 + 2))
-3
What is -4 + (-8 - (-5 - (-6 - -7)))?
-6
What is the value of 8 + -13 + -1 + 7?
1
Evaluate 4 - (18 - 9) - -1.
-4
Calculate -4 - ((11 - 4) + -4 + -4).
-3
Evaluate 9 + (-8 - -5 - 3).
3
What is the value of -5 + (-4 - 0) + 8?
-1
What is 0 - (4 + -3 + 4)?
-5
What is -2 - (-10 + 2 + 6)?
0
What is the value of 1 - -2 - (3 - (-10 + 3))?
-7
What is -3 + 1 + -1 + -3 + 1?
-5
-2 - 1 - 0 - (-2 - 4)
3
-3 - (0 - 1) - (-48 + 54)
-8
What is 1 + -4 + 2 - 3?
-4
What is the value of -1 + -3 - -1 - (-8 + 2)?
3
What is (13 - (17 + -2)) + 10 + -1?
7
Calculate (13 - 20 - 3) + 10.
0
What is the value of (1 - -4) + (-3 - 1) - -4?
5
Evaluate (0 - 1) + 3 + -10 + 17.
9
What is 4 + -9 + 4 - -7?
6
Calculate 4 - (-1 + -1 + -17 + 23).
0
Calculate (-7 + (5 - 5) - 1) + -1.
-9
Evaluate -3 + 3 + (2 + -1 - 6).
-5
Evaluate 6 + 2 + -11 - 0.
-3
What is -253 - -252 - (0 - 10)?
9
What is 5 - 6 - 2 - 1?
-4
1 + -3 + 5 + -4 - 2
-3
Evaluate -10 + (9 + -3 + -5 - -4).
-5
What is (-4 - (3 + -3)) + 8 + -3?
1
What is -25 + (16 - 7) + 10?
-6
-24 + 9 + 12 - (0 - 3)
0
What is the value of (9 - 6) + -9 + 1?
-5
What is the value of 9 - (-15 + 36 - 8)?
-4
What is -4 + 1 + 2 + -4?
-5
Calculate 5 + (-2 + 3 - 4) - -3.
5
What is the value of (7 - 1) + (0 - -7 - 8)?
5
(6 - -4) + -15 - -11
6
-2 + -14 - -5 - -8
-3
Evaluate 0 + -4 + (5 - 3).
-2
What is the value of -3 - -2 - -6 - (3 - 4)?
6
3 + (-7 - (-8 - -3))
1
What is the value of -9 + (-3 - 0 - -7)?
-5
What is the value of 2 + (19 - 10) - 2?
9
What is 0 - (4 - (10 + -3)) - 3?
0
-10 + (4 + -7 - -8) + 2
-3
What is (-8 - -19) + (-4 - 1)?
6
What is 4 + 2 + -4 + 2?
4
What is (20 - 15) + (-5 - 0) - -2?
2
What is the value of (-1 - 0) + (6 - (10 - 4))?
-1
-3 + 4 + (-1 - -1)
1
What is 1 + 1 + -8 + 2?
-4
Calculate -2 - 3 - (-2 + 5 + -10).
2
What is (-10 - (2 + -3)) + 17?
8
Evaluate -2 + (8 - 2) + 14 + -11.
7
Calculate (4 - -1) + (1 - 1) + 0.
5
(-3 + -1 + 11 - 5) + 1
3
-3 - ((-3 - (-5 - -3)) + -2)
0
0 + (4 - 2) + -2 + 0
0
(-2 - (-2 - 7)) + -15 + 11
3
(3 + -1 - 5) + -254 + 248
-9
1 + -3 - -5 - 7
-4
What is the value of 5 - (5 + -17 + 9)?
8
What is the value of (6 - 2) + 3 + -6 + 1?
2
What is -2 - 1 - (-4 + -1 + 1)?
1
1 - ((-1 - 4) + 1) - 3
2
Calculate -8 + 9 + -9 + 0 + -2.
-10
Calculate -4 - (-4 - -5) - -10.
5
Calculate 72 + -71 - ((0 - 0) + -5).
6
What is -2 + (-1 + 3 - (1 + 2))?
-3
(5 - 11) + -13 - -13
-6
Calculate -4 - (-5 - (-5 - (-2 - 0))).
-2
Evaluate (7 - 8) + (1 - (0 + -3)).
3
What is the value of 8 - (-8 + -3 + 6 + 13)?
0
Evaluate 2 + -5 + 2 + 2 + 2.
3
Calculate 7 + (0 - 3) - -1.
5
Evaluate -2 + 1 - (5 + -10 - -1).
3
Evaluate 7 + -5 + 7 + -8 - 11.
-10
What is the value of 4 + (-1 + 4 - (6 - 1))?
2
0 - (11 + (-1 - 5) - 6)
1
What is 0 + 4 - (-1 + 9)?
-4
What is the value of -2 + 1 + -6 + (1 - -5)?
-1
-5 - (-1 + -4 + 11 + -8)
-3
Calculate -4 + 8 - (5 + 2).
-3
Evaluate 2 - (-8 + 16) - -8.
2
What is the value of -1 - (-2 + 2) - -3 - -2?
4
-28 + 26 + (1 - (1 - -3))
-5
What is the value of (-20 - -10 - -7) + 2 + -3?
-4
2 - 18 - -13 - (2 - -3)
-8
What is -3 + (-3 - (-3 + (-4 - -7)))?
-6
What is the value of 2 - ((-1 - (-5 - 0)) + -2)?
0
1 + -1 + (107 - 100)
7
What is 0 + (-2 - -5) - (1 + -3)?
5
What is the value of -9 - (-15 + 7) - 3?
-4
1 + (1 - ((-3 - -1) + 5))
-1
What is 86 + -84 + 2 + (0 - -1)?
5
-1 + 1 - (0 + 5 - 1)
-4
What is the value of -5 + -2 + 40 + -37?
-4
What is -2 - 6 - 3 - (-6 + 1)?
-6
Evaluate (-5 - (-10 - -2)) + -3.
0
What is the value of (-4 - (5 - 10)) + 2 + -6?
-3
What is the value of 0 + (-7 - -4) - (2 - 0)?
-5
What is (11 - 8) + (3 - 5 - 3)?
-2
Calculate -4 - ((-3 - (-3 + -1)) + -4).
-1
What is 2 + (-5 - (2 - 4)) - 3?
-4
Calculate (-90 - -81) + (1 - (-1 - 2)).
-5
What is the value of 1 + -7 + (22 + -11 - 5)?
0
What is 10 + -15 + -1 + 2?
-4
Calculate 4 + (6 - 6) + -4.
0
Calculate -6 - (5 + -14) - (-1 - -2).
2
What is 0 - -11 - (-135 - -140)?
6
What is the value of -10 + -1 + (-3 - -8)?
-6
What is -3 + -1 + (18 - 11)?
3
Evaluate -4 - -1 - (0 + 3 + -7).
1
Calculate -2 + (-21 - -11) - -4.
-8
What is the value of 1 + -1 - (10 + 6 + -12)?
-4
Evaluate 1 + 10 - (54 + -35).
-8
What is (23 - 17) + (0 - (-1 - -12))?
-5
What is 0 - 2 - -7 - 2?
3
What is -2 - (-1 - (6 + -9) - 12)?
8
Evaluate 6 - 3 - (0 + 2).
1
What is the value of 2 + -2 + 13 + -21?
-8
Calculate -4 + (4 - -3) + -4.
-1
Evaluate -8 + (-1 - (-10 + 2)).
-1
Evaluate -1 - (-1 + -1 - 0).
1
What is -5 - 10 - -4 - -6?
-5
2 + -1 + -8 + 4
-3
Evaluate -2 + (-25 - -28) + 3 + -1.
3
Calculate 7 - (4 + (-3 - -2 - -11)).
-7
What is the value of -2 - (10 + -11 + 3)?
-4
What is the value of 8 - 6 - (2 - 4)?
4
What is the value of 14 - (11 + -2) - 3?
2
Evaluate 29 - 13 - (1 - (6 + -12)).
9
Calculate 2 + -9 + (-4 - -8).
-3
Calculate -3 - 2 - (-9 + -6 + 10).
0
6 - ((10 - 2) + (-20 - -15))
3
Calculate -14 + 13 - (-7 - 0) - 1.
5
Evaluate -4 - (-2 + (-1 - (1 - 4))).
-4
1 - (-8 - -12) - (-2 + 4)
-5
What is 9 + -3 + -5 + -11 - -3?
-7
Calculate (-4 - 4) + 2 + 7.
1
Calculate -9 - (-1 + -5 + -1).
-2
-5 + 3 + -8 + 12
2
What is the value of -13 + (25 - 21) + 1 + 2?
-6
Calculate 1 - (-2 + 2) - 2 - 3.
-4
What is the value of -6 - (-3 - (-1 + 0))?
-4
Calculate 2 - (8 - 4 - 9).
7
What is the value of -1 - 0 - (3 + (0 - 5))?
1
Evaluate 3 - 6 - (5 + -7).
-1
Calculate (1 - -1) + (-7 - (-4 + -4)).
3
What is -54 + 47 + (11 + -2 - -3)?
5
What is -3 - ((-4 - (-2 + 2)) + 4)?
-3
Calculate 10 + -8 + (-13 - -10).
-1
What is the value of -4 - (-9 + 2 + 0)?
3
What is -2 + -1 - (0 - 9)?
6
Evaluate -2 - 5 - (-1 + 9 + -14).
-1
What is the value of (0 - 3 - -9) + (2 - 2)?
6
Evaluate 10 - 4 - (-6 + (13 - 9)).
8
What is 1 + 5 + -3 + -1?
2
1 - (4 + -1 - (12 + -7))
3
What is 0 + -4 + 2 - (0 + -3)?
1
Calculate -2 - (8 - (-2 + 5) - 0).
-7
What is the value of (1 - (-6 - -5)) + (-1 - -3)?
4
Evaluate 3 - (11 - ((-5 - -12) + -1)).
-2
-8 + 1 + 5 + -4
-6
Calculate 5 + (-1 + (-1 - 0) - -6).
9
What is 3 + 2 + (4 - (8 - -4))?
-3
Evaluate -7 + (4 - 2) + 15 + -7.
3
Calculate 3 - (0 + 2) - (14 - 9).
-4
Evaluate 19 + (-24 - -12) + 2.
9
Evaluate 6 + -2 - (-10 - -9).
5
Calculate (13 - (1 - -5)) + -12.
-5
What is the value of -8 + 1 + (0 - 5) + 5?
-7
(-5 - -7) + -8 - -11
5
What is 4 - (-4 - 0 - -1) - -1?
8
-2 - -5 - (7 + (-1 - 2))
-1
Calculate 4 - -3 - 8 - (-1 - -3).
-3
Evaluate 0 - (0 - 3 - -8 - 5).
0
What is the value of (8 - 3) + (-2 - (-7 - -18))?
-8
8 + -3 + 1 + 2 + -4
4
Evaluate (-2 - (3 + 1)) + 1 - -1.
-4
What is (-2 - -2) + (-11 - -12)?
1
6 - (4 - 2) - (36 - 28)
-4
What is the value of 6 + -10 + 13 + -10?
-1
What is the value of 6 + 5 + -9 + -2?
0
What is the value of (-3 - (-8 - -8)) + 1 - 2?
-4
(9 - (3 - 0)) + (6 - 8)
4
1 + -1 + 1 - (-382 - -376)
7
What is 52 + -56 + (0 - -5)?
1
(7 - 6) + -1 - (1 + -6)
5
Calculate -7 + (4 - 4 - -3).
-4
What is 7 + (0 - (6 - 0))?
1
What is (1 - -1 - 2) + -21 + 16?
-5
What is the value of -3 + (-1 - -17 - 4) + -5?
4
What is 6 - (1 - 0) - 0?
5
(-5 - (1 + -2)) + 6 - 4
-2
Evaluate 0 - (-2 + -3 + 3) - -3.
5
What is (-2 - 1) + (-30 - -38)?
5
3 + (-25 - -15 - (-6 + 1))
-2
0 + (-1 - -9) + (-130 - -129)
7
What is -51 + 54 - (0 - 1)?
4
Calculate -11 + 3 + (-7 - -1) - -6.
-8
Evaluate (16 - (7 - 3)) + -12.
0
Evaluate -5 - -7 - (5 + -1).
-2
Calculate 16 - (7 + -4) - 19.
-6
What is 6 - (-4 + (-3 - -20) + 0)?
-7
-3 + (1 - (-7 + 6)) + -2
-3
Calculate 5 + -10 + (-3 - -7 - 1).
-2
-5 + 7 - -4 - 1 - 6
-1
Calculate 8 - 6 - (-4 - -3).
3
4 + (1 + 1 - 0) + -6
0
Calculate 4 + (-9 - -4) + -3.
-4
-8 + 2 + 7 + 0
1
What is -4 + 5 - (1 + (-1 - -3))?
-2
Calculate -1 - 0 - (-3 - -1) - 2.
-1
What is 1 - (2 + (2 - (9 - 3)))?
3
What is the value of 6 + -5 - (-3 - 0)?
4
What is the value of (6 - 6) + (-2 - -5)?
3
Evaluate -4 + (9 - 11) + 12.
6
What is the value of 0 + (9 - 1) + -8?
0
Evaluate -3 - 1 - (-17 - -10).
3
Calculate -2 + 2 - (-48 - -53).
-5
What is the value of -5 - (6 - (-6 + 10))?
-7
Evaluate (4 - (10 - 2)) + (3 - 1).
-2
(16 - 20) + -4 + 5 + -2
-5
Evaluate (1 - 1) + 1 + (1 - -1).
3
5 + -5 + -3 + 2 + 1
0